20, 7*x + 31*l - 28 = 30*l. What is the remainder when 40/16*(1 - 14/(-10)) is divided by x?
2
Let k(l) = 4*l**2 - 17*l + 51. Let a be k(3). Suppose -22*r = -31*r + a. What is the remainder when 86 is divided by r?
2
Suppose -u = 5*g - 220, 0 = 18*g - 19*g + 2*u + 44. What is the remainder when 140 is divided by g?
8
Let g(x) = 2*x**3 - 65*x**2 + 559*x - 2. Calculate the remainder when g(20) is divided by 91.
86
Suppose -5*s + 1845 = 5*d, 40*s - 39*s - 5*d - 363 = 0. Calculate the remainder when s is divided by 71.
13
Suppose 9*p + 15584 = -23*p. Let y = -300 - p. Calculate the remainder when y is divided by 10.
7
Let q(w) = 4*w**2 + 10*w**2 + 9*w**2 - 43*w - 170 - w**3 + 219. Calculate the remainder when 249 is divided by q(21).
25
Suppose 135 = -4*c + 13*c. Suppose 0*g = c*g - 930. What is the remainder when 185 is divided by g?
61
Let s = 1325 + -1041. Calculate the remainder when s is divided by 68.
12
Suppose -10*x = -5*x + 5*z - 530, 0 = 5*z. Calculate the remainder when 422 is divided by x.
104
Let w(z) = 86*z + 37. Let i be w(2). Suppose 4*m - i = 103. Calculate the remainder when m is divided by 9.
6
Suppose 5035 = 181*j - 162*j. Calculate the remainder when 552 is divided by j.
22
Suppose 4*l = l + 321. Suppose 31*u = u + 13230. Let x = 468 - u. What is the remainder when l is divided by x?
26
Let l(r) = -r**3 + 7*r**2 + r - 5. What is the remainder when 2/(-24)*-3*(13 - -11) is divided by l(7)?
0
Let i(b) = b - 4. Suppose 5*s + 2*d - 22 = 16, s - d - 9 = 0. Suppose -3*p + 53 = -1. Calculate the remainder when p is divided by i(s).
2
Let j(s) = -s**3 + 18*s**2 - 32*s + 40. Suppose 5*r = -2*k + 8*r + 44, -4*k + 44 = 5*r. What is the remainder when j(k) is divided by 15?
10
Let n = 4605 - -5309. What is the remainder when n is divided by 148?
146
Let r(u) = 3*u**2 - 6*u - 225. What is the remainder when 5756 is divided by r(10)?
11
Let d = -4159 - -4272. What is the remainder when 146 is divided by d?
33
Let c(i) = 187*i - 1772. Calculate the remainder when c(11) is divided by 67.
17
Let k(l) = -l**2 + 100*l - 1254. Calculate the remainder when k(33) is divided by 96.
93
Suppose 2*q + 4 = 0, 0 = 3*z - 3*q - 1883 - 3559. What is the remainder when z is divided by 33?
30
Suppose -3*w + 5*i + 265 = 0, 3*w - 31*i - 245 = -36*i. Calculate the remainder when 18951 is divided by w.
81
Suppose 35 = -11*f + 4*f. Let z be -3 + (f - (-1 - -2)). Let j(u) = u**2 + u - 7. What is the remainder when j(z) is divided by 17?
14
Let a be 48/(-10) + (-8)/40. What is the remainder when a/(20/(-18))*6 is divided by ((-1023)/748 - (-10)/85) + (-39)/(-12)?
1
Suppose 659*t + 5628 = 927*t. Calculate the remainder when 836 is divided by t.
17
Suppose 2*v + 4*k - 2*k + 4 = 0, -k - 5 = 0. Suppose -1 = 6*i - 7*i, 63 = v*o + 3*i. What is the remainder when o is divided by 5?
0
Let q(h) = -h**3 - 6*h**2 - 2*h + 1. Let c be -1 + 1 + -125 + 0 + 2. Let f = -112 - c. Calculate the remainder when q(-7) is divided by f.
9
Let k(t) = 2*t**2 + 17*t + 92. What is the remainder when k(-6) is divided by (-57)/(-15) + (-18)/(-90)?
2
Suppose -3*u - 27 = -c, -34 = 5*u + 2*c - 0*c. Let g = 29 + u. Suppose 5*s + 330 = 5*t, -5*t + 470 = -3*s + 150. What is the remainder when t is divided by g?
19
Suppose -s + 47*j - 49*j = -1246, -5029 = -4*s - 3*j. Calculate the remainder when s is divided by 181.
178
Suppose -146*p + 119*p = -837. Calculate the remainder when 3717 is divided by p.
28
Let k = 1512 - 943. Suppose 8*j + 113 = k. What is the remainder when j is divided by 2?
1
Let s(v) = -18*v - 87. Let g(a) = -2*a**2 - 8*a - 7. Let w be g(-4). Calculate the remainder when s(w) is divided by 20.
19
Let n = -640 + 643. Suppose -3*u = f - 3*f + 251, -3*f - n*u = -399. What is the remainder when f is divided by 34?
28
Suppose 105*g - 109*g - 5*d + 9614 = 0, 11950 = 5*g - 5*d. What is the remainder when g is divided by 50?
46
Suppose 59451*h - 22932 = 59433*h. What is the remainder when h is divided by 269?
198
Calculate the remainder when (-48)/(-4) - (-315)/45 is divided by 11.
8
Suppose 1530*t = -5*g + 1529*t + 93, -4*g + 70 = 3*t. What is the remainder when 96 is divided by g?
1
Let n(w) = w**3 + 6*w**2 - 2. Let u be n(-6). Calculate the remainder when 64 + (u/(-4))/(8/32) is divided by 34.
32
Let b(u) = -10*u**2 + 29*u - 79. Let a(c) = 7*c**2 - 19*c + 53. Let r(k) = 7*a(k) + 5*b(k). Calculate the remainder when r(5) is divided by 2/(-4)*-2 + 2.
2
Suppose -1329*w + 1368 = -1320*w. What is the remainder when 278 is divided by w?
126
Let v(t) = t**3 + 18*t**2 + 16*t - 18. Let q be v(-17). Calculate the remainder when 36 is divided by q*(-13 - 0/(-7)).
10
Let w(a) = -a**3 - 25*a**2 - 127*a - 27. What is the remainder when w(-19) is divided by 94?
32
Suppose -12 = 4*c, -122 - 7 = -l + 2*c. Suppose 165 = a - 148. Let f = a - l. What is the remainder when f is divided by 48?
46
Suppose -108*d = 96*d - 138*d - 5478. What is the remainder when 403 is divided by d?
71
Suppose -374*v - 72661 + 445093 = -560324. Calculate the remainder when v is divided by 11.
8
Suppose -33*f + 826 - 67 = 0. What is the remainder when 76 is divided by f?
7
Let v(x) = 2*x**2 - 11*x + 12. Let l(r) = 7*r + 35. Let q be l(-4). What is the remainder when 49 is divided by v(q)?
16
Let w = 375 + -397. Calculate the remainder when w/88 - (-3204)/16 is divided by 63.
11
Suppose 4*a - 105 = -3*a. Suppose 4*g - 3*x - 78 = 0, x + 25 = g + 3*x. What is the remainder when g/(-49) - (-524)/14 is divided by a?
7
Let b(t) = -3*t**2 + 33*t + 40. What is the remainder when b(6) is divided by 123?
7
Let r(w) = -4*w - 7*w - 4 + 200 + 4*w. What is the remainder when r(12) is divided by 46?
20
Suppose -7266 = -655*f + 649*f. Calculate the remainder when (-1)/1 - (-1 - 81) is divided by 0 - (-4)/(-14) - (-22144)/f.
9
Let m = 1026 - 634. Calculate the remainder when (-1)/(-7 - (-2737)/m) is divided by 19.
18
Suppose 180 = 4*t + 2*x, 3*t - 4*x - 158 + 1 = 0. Calculate the remainder when t is divided by 4.
3
Suppose 9*m + m = -14*m + 312. Calculate the remainder when 1907 is divided by m.
9
Suppose 7*f - 4*f = 27. Calculate the remainder when 0 + (-1)/(-5) - (-2268)/60 is divided by (9/(-3))/(f/(-30)).
8
Suppose j - 2*j + 2*k = -427, -2*j - 2*k = -860. Calculate the remainder when j is divided by 1078/20 + ((-9775)/(-250) - 39).
51
Let n(s) = -s**3 - 33*s**2 - 38*s + 77. Let z be n(-32). Let h = -231 + z. What is the remainder when 107 is divided by h?
31
Let f be 194/4 - (-4)/(-8). Let h = f + -46. What is the remainder when 65 is divided by h + (-6)/4 + (-105)/(-10)?
10
Suppose 84 = -0*q + q + 5*o, 5*o = 0. Suppose 0 = -2*l - 4, -14 + q = 4*p + 5*l. What is the remainder when 197 is divided by p?
17
Suppose -3*g = 2*n + 3*n - 595, 2*n + 202 = g. Suppose 89 = 4*i + f - 60, 0 = 5*i + 4*f - g. Calculate the remainder when i is divided by 11.
3
Let w(y) = 15*y**2 - 140*y - 26. Calculate the remainder when w(13) is divided by 140.
129
Let v(x) = -2*x - 6. Calculate the remainder when (-5*(-39)/(-130))/((-2)/24) is divided by v(-4).
0
Suppose -3*k - 2*n = -61, 80 = 5*k + 4*n - 25. Calculate the remainder when 64 is divided by k.
13
Suppose -5*g - 6 = -1. Suppose -2*n + 2*r = 3*n - 294, n - 91 = 5*r. Calculate the remainder when (5 + 216)/(g + 2) is divided by n.
53
Suppose -16*z + 11*z + 3*g + 1818 = 0, -2*z - 3*g = -744. Calculate the remainder when z is divided by 195.
171
Suppose -3*b - 5*f = -700, b + 5*f - 6*f - 220 = 0. Let z = b + -158. Calculate the remainder when z is divided by 45.
22
Let m = 6892 + -6829. Calculate the remainder when 3212 is divided by m.
62
Suppose 5*s - 15 = 0, -2*a + 4*s - 8 = -42. Let c = -139975 + 140086. Calculate the remainder when c is divided by a.
19
Suppose 3 = f + k - 252, 5*k = -2*f + 489. Calculate the remainder when f is divided by 71.
49
Let h = -2608 - -2655. Calculate the remainder when 777 is divided by h.
25
Let t = -1377 - -1548. Calculate the remainder when t is divided by 48 + -4 + -2 + 2.
39
Let l = 243 + -173. Let g = -116312 + 116350. What is the remainder when l is divided by g?
32
Let l = 5685 - 3378. What is the remainder when l is divided by 14?
11
What is the remainder when 1281/(-15)*(-4 + 9 + -10) is divided by 96?
43
Suppose 4*k + q = 94, 3*k + 4*q = -q + 79. Suppose 2*g + 3*y 